- 7*s**2 - 13. Is p(-10) a composite number?
False
Let h(n) = -2*n + 1. Suppose 6 = -d + 7*d. Let v(l) = 94*l + 3. Let c(w) = d*v(w) + 4*h(w). Is c(1) a prime number?
False
Let q = 147 - 107. Suppose -19*x + q = -11*x. Suppose x*o = 5, -2*o = 5*y - 897 - 1320. Is y prime?
True
Let z be (-3 - -19) + (-5 - -1). Suppose -z = -w - 5*w. Is (5075/20)/5 + w/8 prime?
False
Suppose 9*a - 60754 = 3*v + 8*a, -4*v - 3*a = 81027. Let w = 33152 + v. Is w a composite number?
False
Suppose 0*t = -6*t + 192. Suppose -43*f + 25531 = -t*f. Is f composite?
True
Let c(t) = 127*t**2 - 8*t + 170. Is c(13) a composite number?
False
Suppose -3345717 + 813638 = -11*s. Is s a prime number?
True
Let y(x) = -12*x - 108 + 51 + 93*x**2 + 59. Is y(9) a composite number?
True
Is (-5 - -3)/(-3 - (-1638490)/546170) a prime number?
True
Is 427393/5 - (2 + -1)/(330/(-132)) prime?
False
Suppose -6972 = 36*z - 206088. Is z a composite number?
False
Let o(t) = 406*t**3 - 4*t**2 + 9*t + 13. Is o(4) a prime number?
True
Suppose l + 5 = -2*v, 3*v - 2*l = 5*v. Let t = v + -10. Is (-1034)/(-12) - t/(-90) prime?
False
Suppose 0 = 4*d + 12, -3*b + 3*d = d - 69. Suppose -6803 = -b*o + 10375. Is o a prime number?
False
Suppose 0 = -2*o + 4*o + 2*o. Suppose -440 = -s - 2*t, -s = -o*s - 3*t - 430. Suppose 8*i - 180 - s = 0. Is i a prime number?
False
Suppose -4*a = 3*d - 9*a + 29, 3*a = -2*d + 6. Let f(k) = -23*k**3 - 3*k**2 + 10*k + 23. Is f(d) prime?
True
Suppose 16*a + 14148 - 177946 = 191034. Is a composite?
True
Suppose -672*a = -769*a + 3694633. Is a a composite number?
True
Let g = 55 + -59. Let z be 2 - ((g - -2) + 5) - -3. Suppose 0 = -4*n + z*m - 147 + 1497, 0 = 3*n - 2*m - 1015. Is n a composite number?
True
Suppose -2*a = -2*g + 60, 5*a + 141 = -4*g + 9. Let s be (-14714)/a + (-10)/(-4) + -2. Suppose w = -3*w - 4, -2*z = 4*w - s. Is z composite?
True
Let m(f) = 1796*f**2 - 212*f - 103. Is m(12) a composite number?
False
Let l = -721 + 723. Suppose 2*j = i + 6259 - 17278, 0 = -l*i - 3*j + 22066. Is i a prime number?
True
Let l(y) = 3*y**3 - 50*y**2 + 60*y - 67. Is l(36) prime?
True
Let r be ((-27)/18 - -2)*38386. Suppose 5593 = 3*z - 3*x - r, z - 4*x = 8259. Is z composite?
False
Suppose 0 = -2*a - 4*m + 6*m - 28, 2*m + 50 = -4*a. Let k = 15 + a. Suppose 0 = -2*v + k + 4, 9326 = 5*j - 3*v. Is j a prime number?
True
Let b be (-6 + (-8)/12)*-444. Suppose -2*i + b = -3638. Is i a composite number?
False
Let o(t) be the second derivative of 50*t**3 - 13*t**2/2 + t. Let i(v) = -v**2 - 4*v + 143. Let x be i(-14). Is o(x) prime?
True
Let w be (6 - 0) + -2 + (14 - 2). Is -94*1*(-8)/w*193 a prime number?
False
Suppose 3*a + 2*o - 13 = 0, 0 = 5*o - 1 - 9. Suppose -2*y = -2*w - 64, 106 = 3*y - 5*w + 4*w. Suppose a*v - y - 688 = -4*t, 2*v + 10 = 0. Is t a prime number?
False
Let b = -2124 - -2124. Let m(w) be the first derivative of 2*w**2 + 377*w + 2. Is m(b) a prime number?
False
Suppose -5*n + 335065 = -5*z, 182416 = 4*n + 3*z - 85608. Is n a prime number?
False
Is (-4323855)/(-24) - (11 + (-910)/80) a prime number?
True
Let f(c) = 4*c - 19. Let b(v) = 12*v - 58. Let o(n) = 2*b(n) - 7*f(n). Let l be o(5). Is 15*l/(-9)*277 composite?
True
Is -2 + (4 - 11) - (-10 - 842576) a composite number?
True
Is (14707465/138 - -15) + 1/(-12)*-2 a prime number?
True
Suppose 692*y = 686*y - 26886. Let f = y + 8128. Is f prime?
False
Let y = -784257 - -1525850. Is y a prime number?
True
Let w(z) = -z**3 + z - 2. Let v(s) = 61*s**3 - 4*s**2 - 12*s - 1. Let q(k) = v(k) - w(k). Is q(5) composite?
True
Suppose 0 = g + 2*f - 12 - 4, -4*g - 4*f + 68 = 0. Suppose g*h = 23*h + 2965. Let m = 1852 + h. Is m composite?
False
Is (50 + -45 - (-767570 - 1)) + 11 a prime number?
True
Let n(x) = -6*x**3 + 3*x**2 - 3*x - 7. Suppose 0 = -12*m - 40 - 44. Is n(m) prime?
False
Suppose -2*c - m = 0, -3*c = c - 5*m. Suppose c = -4*a + 36536 - 14260. Is a prime?
True
Suppose -7*c + 8*c = 2*y + 53774, -5*c = 3*y - 268857. Suppose 5*o = 40523 + c. Is o prime?
True
Let t = 27 + -19. Suppose 3*z = t*z. Suppose z = 2*m + m - 1653. Is m a composite number?
True
Suppose 2*m = f + 13307 - 2612, 0 = 3*m + 3*f - 16020. Let d = m - 3108. Is d composite?
False
Let v be (0*4/20)/((-4)/(-2)). Suppose v = t - 3*n - 3049, 5*n - 18 = 2. Is t prime?
True
Let a = 339 + -342. Is (-671)/a - 19/(513/18) a composite number?
False
Let r(a) = -490*a + 17. Let t be r(-22). Let b = t + -3754. Is b a composite number?
False
Suppose 4*n + k - 14 = 64, -5*n + 98 = k. Let m be (-401)/3*(4 - 1). Is ((-4)/5)/((-8)/n) - m composite?
True
Suppose 12*f = 18638 + 13030. Suppose -4*z = 3*i - f - 3956, 4*z - 4*i - 6616 = 0. Is z prime?
False
Suppose a - 116 = 5*m + 20, -4*m - 134 = -a. Suppose 0 = 2*g - a - 6056. Is g composite?
True
Let z be (0 + -36)*(-22)/66. Suppose 0 = 2*t - 0*t - 3*j + 3, z = t + 3*j. Suppose -4603 = -3*q - 4*g, t*g = q + 2*q - 4638. Is q prime?
False
Suppose -4*f + c = -4*c + 25, -4*f - 4*c + 20 = 0. Suppose f = -2*r - 4, 3*r + 21 = 3*j. Suppose 90 = j*u - 1165. Is u a composite number?
False
Is 63/81*6249 - -3*(-8)/(-36) a composite number?
False
Suppose 40*v = 12*v + 18349268. Is v a prime number?
True
Let j be (1 + 35)/(6/8). Let c be j/((1 - 1) + (-16)/(-72)). Is (-4)/18 + 8/(c/4893) a prime number?
True
Let a(f) be the third derivative of 299*f**5/60 + 19*f**4/24 - 121*f**3/6 + 5*f**2 - 19. Is a(8) composite?
True
Suppose -3*y - 26 = -5. Let c(s) = -948*s - 134. Is c(y) composite?
True
Suppose 33 = 4*s - 19. Let i = 3 - s. Is ((-6)/i)/((-6)/(-6360)*4) composite?
True
Let u(o) = -43 - 61*o - 29*o - 49*o - 110*o. Is u(-8) prime?
True
Is (8 - 112/7)*179079/(-12) composite?
True
Suppose 4*a = 4*o + 116, -3*o + 22 + 47 = 3*a. Suppose -5*w = -3*w - a. Is (26/w)/((-4)/(-502)) a prime number?
True
Suppose 894718 = -24*x + 46*x. Is x a prime number?
False
Let w = 2010 + -1412. Let b(p) = -p - 1. Let k be b(0). Is 3*k + w + -8 composite?
False
Suppose 0 = r + 2*m - 3*m - 18359, -4*m + 55049 = 3*r. Is r prime?
False
Let x(b) = 117118*b + 717. Is x(8) prime?
True
Let p be (-1)/(14/(-26)) + (-121)/(-847). Let r(n) be the third derivative of 37*n**4/12 - n**3/2 - n**2. Is r(p) a prime number?
False
Let j = 180668 + -51765. Is j a composite number?
False
Let f be (3/2)/((-54)/(-144)). Suppose -2*o = 5*w + 14, -w - w + f = 0. Let i = o - -199. Is i prime?
False
Suppose -48 + 44 = -x. Let k(c) = -2*c**3 + 3*c**2 + 6*c - 10. Let j be k(x). Let n = -9 - j. Is n prime?
False
Is 4/20*5*(7177 + -12) a prime number?
False
Let y(h) = -909*h + 25. Let c be y(-2). Let j = -694 + c. Is j a composite number?
True
Let k(a) = 3*a - 31. Let i(l) = -6*l + 61. Let b(c) = -2*i(c) - 5*k(c). Let p be b(0). Let x = p + -14. Is x a prime number?
True
Is ((-574239)/(-2))/(699/466) composite?
False
Let k = -769798 - -1184757. Is k composite?
False
Is 1/((-12)/18*30/(-78860)) prime?
True
Suppose 0 = 2*k, 3*q + k + 2*k - 12 = 0. Is (12287 - (10 - 2)) + q a composite number?
True
Let j(p) = 11*p**2 - 11*p - 6. Let s be j(-10). Let o = s + -571. Is o composite?
True
Let n = 13 + -25. Let v(y) be the second derivative of -8*y**3/3 + 23*y**2/2 + 684*y. Is v(n) a prime number?
False
Suppose 6*r + 176 - 752 = 0. Let z = r - 90. Is z + 3744/2 + (2 - -2) prime?
False
Let d(i) = 1267*i - 8. Is d(25) prime?
True
Let z be (3*-26 + 5)/(3/24). Let k = z - -1983. Is k composite?
False
Let a = -43045 - -588710. Is a prime?
False
Let i(u) = 10395*u**2. Let t be i(-1). Suppose t = 12*l - 4593. Is l composite?
False
Let c(d) = d**3 + 16*d**2 - 9*d + 16. Let v(j) = j**3 + 3*j**2 - 3*j - 7. Let i be v(-4). Let y be c(i). Let o = y + -134. Is o a composite number?
True
Let n(r) = r**3 + 20*r**2 - 8*r - 44. Suppose 5*x - 2*q = -65 - 4, -x = -3*q + 19. Is n(x) a prime number?
False
Suppose 4266388 = -98*l + 23961546. Is l a prime number?
True
Let d(y) = 2*y**2 + 62*y + 1963. Is d(114) prime?
True
Suppose -1053507 = -12*n - 9*n. Suppose 110 = -7*u + n. Is u prime?
True
Let i(o) = o**2 - 121*o + 141061. Is i(0) prime?
True
Is (-10)/50 - 11221248/(-40) prime?
False
Let b be ((-105)/10)/7*(-1676)/2. Let d(s) = -s**3 + 18*s**2 + 1. Let m be d(11). Let j = b - m. Is j composite?
False
Is 19539 - (1 - (-99)/11) prime?
False
Let k(f) = 843*f**3 - 3*f**2 + 17*f - 27. Is k(2) a composite number?
True
Let t = 